nder when 9279 is divided by 2315?
19
What is the remainder when 38781 is divided by 52?
41
Calculate the remainder when 35417 is divided by 1763.
157
What is the remainder when 102902 is divided by 152?
150
What is the remainder when 4157 is divided by 1395?
1367
What is the remainder when 5354 is divided by 402?
128
Calculate the remainder when 40744 is divided by 2898.
172
Calculate the remainder when 25154 is divided by 37.
31
What is the remainder when 447 is divided by 182?
83
What is the remainder when 2061 is divided by 23?
14
What is the remainder when 236954 is divided by 26328?
2
Calculate the remainder when 5023 is divided by 710.
53
What is the remainder when 2779 is divided by 35?
14
Calculate the remainder when 287198 is divided by 15.
8
Calculate the remainder when 27233 is divided by 545.
528
What is the remainder when 50958 is divided by 16984?
6
Calculate the remainder when 10760 is divided by 3134.
1358
Calculate the remainder when 147777 is divided by 56.
49
Calculate the remainder when 3180 is divided by 634.
10
Calculate the remainder when 340 is divided by 245.
95
What is the remainder when 6453 is divided by 735?
573
What is the remainder when 113418 is divided by 20?
18
What is the remainder when 440523 is divided by 22?
17
Calculate the remainder when 2338909 is divided by 8.
5
What is the remainder when 894 is divided by 16?
14
What is the remainder when 209210 is divided by 772?
770
Calculate the remainder when 680722 is divided by 33.
31
Calculate the remainder when 434 is divided by 342.
92
Calculate the remainder when 1122 is divided by 63.
51
Calculate the remainder when 1885 is divided by 933.
19
Calculate the remainder when 17992 is divided by 327.
7
What is the remainder when 4194 is divided by 42?
36
Calculate the remainder when 603423 is divided by 4946.
11
What is the remainder when 3557 is divided by 584?
53
What is the remainder when 1458740 is divided by 1313?
1310
Calculate the remainder when 3039 is divided by 1301.
437
What is the remainder when 146143 is divided by 36529?
27
Calculate the remainder when 4619 is divided by 746.
143
Calculate the remainder when 128639 is divided by 176.
159
Calculate the remainder when 183715 is divided by 447.
445
Calculate the remainder when 144351 is divided by 52.
51
What is the remainder when 3651517 is divided by 80?
77
What is the remainder when 106158 is divided by 11780?
138
Calculate the remainder when 17400 is divided by 17249.
151
Calculate the remainder when 4027 is divided by 1074.
805
What is the remainder when 14175328 is divided by 2470?
2468
Calculate the remainder when 19902 is divided by 6633.
3
What is the remainder when 7395 is divided by 3095?
1205
Calculate the remainder when 1318910 is divided by 11.
10
Calculate the remainder when 15873 is divided by 70.
53
Calculate the remainder when 8346 is divided by 41.
23
What is the remainder when 222903 is divided by 881?
10
What is the remainder when 23841 is divided by 87?
3
Calculate the remainder when 1713449 is divided by 36.
29
What is the remainder when 116299 is divided by 38721?
136
Calculate the remainder when 2596 is divided by 127.
56
What is the remainder when 1410 is divided by 123?
57
Calculate the remainder when 624992 is divided by 422.
10
Calculate the remainder when 6809 is divided by 862.
775
What is the remainder when 4582 is divided by 1144?
6
Calculate the remainder when 32541 is divided by 226.
223
What is the remainder when 63772 is divided by 21239?
55
What is the remainder when 8290 is divided by 1376?
34
Calculate the remainder when 68273 is divided by 151.
21
Calculate the remainder when 5929 is divided by 348.
13
What is the remainder when 15822 is divided by 608?
14
What is the remainder when 279526 is divided by 72?
22
Calculate the remainder when 44836 is divided by 22412.
12
What is the remainder when 5956 is divided by 55?
16
Calculate the remainder when 28781 is divided by 28.
25
Calculate the remainder when 1835243 is divided by 611746.
5
Calculate the remainder when 14995 is divided by 14758.
237
What is the remainder when 5807 is divided by 2903?
1
What is the remainder when 34351 is divided by 33?
31
What is the remainder when 5357 is divided by 733?
226
What is the remainder when 5516 is divided by 368?
364
What is the remainder when 14641 is divided by 4171?
2128
What is the remainder when 258118 is divided by 32?
6
Calculate the remainder when 109302 is divided by 82.
78
What is the remainder when 22925 is divided by 63?
56
Calculate the remainder when 394 is divided by 76.
14
Calculate the remainder when 33725 is divided by 33705.
20
Calculate the remainder when 7824 is divided by 28.
12
Calculate the remainder when 213868 is divided by 27.
1
Calculate the remainder when 978 is divided by 176.
98
Calculate the remainder when 17897 is divided by 459.
455
What is the remainder when 57121 is divided by 51?
1
Calculate the remainder when 3692 is divided by 796.
508
Calculate the remainder when 10573 is divided by 196.
185
What is the remainder when 13087 is divided by 230?
207
Calculate the remainder when 382254 is divided by 59.
52
What is the remainder when 1057 is divided by 92?
45
Calculate the remainder when 222237 is divided by 5.
2
What is the remainder when 2357 is divided by 192?
53
What is the remainder when 3066 is divided by 3063?
3
Calculate the remainder when 36517 is divided by 4053.
40
What is the remainder when 32307 is divided by 78?
15
Calculate the remainder when 21889 is divided by 2185.
39
What is the remainder when 1366757 is divided by 470?
467
Calculate the remainder when 504 is divided by 6.
0
Calculate the remainder when 28149 is divided by 136.
133
Calculate the remainder when 37853 is divided by 1731.
1502
Calculate the remainder when 56177 is divided by 50.
27
Calculate the remainder when 4818 is divided by 283.
7
Calculate the remainder when 3722 is divided by 49.
47
What is the remainder when 14075 is divided by 98?
61
Calculate the remainder when 416 is divided by 40.
16
Calculate the remainder when 14513 is divided by 121.
114
Calculate the remainder when 16871 is divided by 118.
115
Calculate the remainder when 102007 is divided by 195.
22
Calculate the remainder when 280778 is divided by 342.
338
Calculate the remainder when 1051611 is divided by 19.
18
What is the remainder when 79287 is divided by 241?
239
What is the remainder when 194003 is divided by 115?
113
Calculate the remainder when 415521 is divided by 122.
111
What is the remainder when 40905 is divided by 40892?
13
What is the remainder when 5693 is divided by 949?
948
Calculate the remainder when 7452 is divided by 412.
36
What is the remainder when 56542 is divided by 589?
587
Calculate the remainder when 79071 is divided by 15800.
71
What is the remainder when 2595 is divided by 1292?
11
Calculate the remainder when 101825 is divided by 45.
35
Calculate the remainder when 77961 is divided by 193.
182
What is the remainder when 3309 is divided by 469?
26
What is the remainder when 5492 is divided by 2733?
26
Calculate the remainder when 36139 is divided by 723.
712
What is the remainder when 15567 is divided by 37?
27
Calculate the remainder when 45696 is divided by 653.
639
Calculate the remainder when 4929 is divided by 384.
321
What is the remainder when 9948 is divided by 138?
12
Calculate the remainder when 19357 is divided by 19341.
16
Calculate the remainder when 215408 is divided by 71799.
11
Calculate the remainder when 293955 is divided by 26.
25
Calculate the remainder when 16272 is divided by 627.
597
What is the remainder when 75081 is divided by 479?
357
What is the remainder when 2932 is divided by 85?
42
What is the remainder when 59328 is divided by 11860?
28
What is the remainder when 92630 is divided by 842?
10
What is the remainder when 6806 is divided by 1361?
1
What is the remainder when 957 is divided by 32?
29
Calculate the remainder when 31390 is divided by 766.
750
What is the remainder when 133908 is divided by 620?
608
Calculate the remainder when 577195 is divided by 7.
3
What is the remainder when 345 is divided by 307?
38
What is the remainder when 7198 is divided by 342?
16
What is the remainder when 2335 is divided by 1746?